 3*f**2. Is h(12) composite?
False
Suppose 0*c - 4*c + 632 = 0. Is c a prime number?
False
Let r(b) = -b**3 - 6*b**2 + 8*b + 8. Let w(a) = -4*a**3 + 3*a**2 + a - 1. Let m be w(-2). Suppose -4 = 5*u + m. Is r(u) a prime number?
True
Let b(f) = -12*f + 4 - 3 - 4 + 4. Is b(-8) composite?
False
Is (-2 - -3)*(646 - (-4 - -3)) a prime number?
True
Suppose -2*q = -3*s - 1246, -5*s + 0*s - 1242 = -2*q. Let g = q - 405. Is g composite?
True
Let l(r) be the first derivative of 108*r**4 - 2*r**3/3 + r**2/2 + 5. Is l(1) prime?
True
Suppose -3 - 3 = 3*s. Let k be 154 - ((-3 - s) + 1). Let w = -108 + k. Is w a prime number?
False
Let s(i) = -4*i**3 + i**2 - i - 1. Is s(-2) a composite number?
False
Let r be (4/(-3))/((-2)/69). Suppose -570 + r = -4*u. Is u prime?
True
Is (-2)/((-10)/(-3170)*(-2)/5) a composite number?
True
Let n = 260 + -94. Is n a composite number?
True
Suppose 2*b - 2*g - 498 = 0, -g = -3*g. Is b a composite number?
True
Let i(z) = 33*z. Is i(1) composite?
True
Suppose 2*h = -i + 8, h = 3*i - 5*i + 10. Suppose -1184 = -i*f + 3*d, f - 276 - 33 = 4*d. Is f composite?
False
Let f(g) = -g**3 - 7*g**2 - 3*g - 1. Let x be f(-7). Is 5/(x/(-7) - -3) a composite number?
True
Let f = 1561 + -752. Is f a composite number?
False
Let i(a) = 183*a**2 + 7*a + 5. Let d be i(-4). Suppose 4*k - d = -k. Is k a composite number?
True
Suppose -2*u = u - 9. Suppose -u*s - 51 = -246. Is s prime?
False
Suppose p - 3 = -0*p. Suppose -5*s - 3*f - 10 = 2*f, -p*s + f - 10 = 0. Is (-220)/(-6) - s/9 a composite number?
False
Let b(t) = -64*t**3 + 3*t**2 - 2*t - 2. Is b(-3) a prime number?
True
Let r be 8/3*(-3)/(-2). Suppose -6*a = r*o - a + 9, -2*a - 4 = 2*o. Is (15/12)/(o/(-8)) a prime number?
False
Let q = 57 + 52. Is q composite?
False
Let y(d) = d - 2*d**2 - d**2 + 4*d**2 - 3. Let o be y(0). Is (-3)/o + (3 - -2) a composite number?
True
Suppose 2*q = -6*q + 30344. Is q a composite number?
False
Let t be -1 + (2 - 1) + 9. Let v(u) = 2*u**2 - 8*u + 7. Is v(t) a prime number?
True
Let g = -26 - -1392. Is g a prime number?
False
Let v = 4001 - 2434. Is v a composite number?
False
Let c(n) = -n**3 + 11*n**2 + 12*n - 13. Suppose 33 = 13*f - 10*f. Is c(f) a composite number?
True
Suppose -b = -0*b + 4, 5*b = 3*d - 167. Let h = d - 28. Is h composite?
True
Suppose 3*y - 6*y = 0. Let v(a) be the first derivative of a**4/4 + a**2/2 + 79*a + 2. Is v(y) composite?
False
Suppose 4*w - 1906 = 2*w. Is w composite?
False
Suppose x - 4 = -1. Is 125 + -4 + x - 1 a prime number?
False
Let c = 1133 - 346. Is c a prime number?
True
Let b(h) = h**3 + 5*h**2 - 5*h - 5. Let n be b(-6). Let k = 14 + n. Is 29/k + (-7)/(-21) prime?
False
Suppose -4*h = -1265 - 623. Suppose 0 = 2*b + 2*y - h - 354, 4*b = -3*y + 1654. Suppose -70 = 3*i - b. Is i a prime number?
False
Let l = 54 - 17. Let x = 152 - l. Is x prime?
False
Suppose 2*d - 223 = -33. Let w = -12 + d. Is w composite?
False
Let o(r) be the second derivative of -17*r**3/2 - 2*r**2 + 4*r. Is o(-3) prime?
True
Is (-4505)/(-10) + 1/2 a composite number?
True
Let r be (-10)/2*12/(-5). Suppose 0 = n + n + 3*j - 139, 0 = -4*j - r. Suppose 0 = -y + 235 - n. Is y a prime number?
False
Is (-6)/4 - 3211/(-26) a composite number?
True
Let z(d) = 21*d**2 - d - 2. Let n be z(-2). Suppose n = w + 17. Is w composite?
False
Let n(p) = 0*p - 3*p + 1 - 3*p - 3*p. Let r be n(1). Is (286/r)/((-4)/16) composite?
True
Suppose -5*s + 1095 = 4*o, -s - o - 125 + 343 = 0. Is s a prime number?
True
Suppose 0 = 2*v - 3 - 15. Let p = v + -5. Suppose -3*i - 190 = -8*i + 3*d, 3*i - 125 = p*d. Is i a prime number?
False
Let c(i) be the first derivative of -i**4 + 2*i**3/3 - i**2 + 5*i + 5. Is c(-6) a composite number?
False
Let p(i) = 114*i**2 + 7*i + 2. Is p(3) a prime number?
True
Suppose 26*m = 20*m + 4458. Is m prime?
True
Suppose d + d = -2. Let f be ((-18)/(-15))/(d/(-60)). Suppose 5*p = 25, 4*h + f - 229 = -5*p. Is h a prime number?
False
Let q be -1*0/(1/1). Let l(s) = -s - 1. Let x(a) = a - 53. Let v(k) = -2*l(k) - x(k). Is v(q) composite?
True
Let c(d) = d - 4. Let u be c(6). Suppose u*k - 430 = -2*x, 5*x - 7 - 13 = 0. Is k prime?
True
Let v(b) = b**2 - 2. Let s be v(4). Let h = 8 + s. Is h a prime number?
False
Suppose -u - 3*h + 115 = -h, 3*u - 5*h = 345. Is u composite?
True
Let i be 14/((2 + -1)*-2). Let x = 30 - i. Is x a composite number?
False
Suppose o - 15 - 3 = 0. Let c(w) = -w + 5. Let m be c(9). Is m/o - (-224)/36 prime?
False
Let v(i) = 0*i**2 - i + i**2 - 2*i - 5. Let z = -12 + 19. Is v(z) prime?
True
Suppose 0*a + 5*y - 26 = 4*a, 20 = -4*a + 2*y. Let l be (a*4)/((-2)/(-6)). Let z = -29 - l. Is z a prime number?
True
Suppose -4*t - 13491 = -13*t. Is t a composite number?
False
Let p(d) = d + 16. Let j be p(11). Let q be j - (-7)/((-14)/4). Is ((q - 3) + 1)*1 a prime number?
True
Is (27345/10 + 1)*(-4)/(-2) a composite number?
False
Suppose 2*c - 500 = -0*c. Suppose -s + 0*o = o - 90, 3*s - o = c. Is s composite?
True
Suppose 0 = 2*x - 4*x + 1142. Is x a prime number?
True
Suppose -4*t - 5*j = -4, -5*t + 5*j + 34 = -16. Suppose p = -t - 4. Is 74/((-5)/(p/4)) a prime number?
True
Let d be (-2)/2*-1 + -1. Let x(g) = -g + 34. Is x(d) composite?
True
Suppose -70 = -0*n - 2*n. Is n composite?
True
Let p(k) = 3*k**3 - 2*k**2 - k - 2. Let y be p(2). Suppose -3*t + 2*j + 20 = 0, -t = -3*t + j + y. Suppose 136 = t*i - 76. Is i a composite number?
False
Suppose -4*p + 1385 = 4669. Let a = -492 - p. Is a composite?
True
Let a(v) = v**3 + 26*v**2 + 2*v + 10. Is a(7) prime?
False
Let l be (1 - (-1 - -7)) + 0. Let p(q) = -q**3 - 6*q**2 - 5*q + 3. Let w be p(l). Suppose m = 10 + w. Is m a composite number?
False
Let q = 148 - 74. Suppose 0 = -7*l + 3*l + 12, -d - 3*l = -q. Let g = 102 - d. Is g composite?
False
Suppose 3*v = -v + 8. Suppose 0 = 3*w - 8 + v. Suppose 7*d - 155 = w*d. Is d a prime number?
True
Suppose y - 122 = 185. Is y a composite number?
False
Let n be -6*6/(-4) - -1. Suppose -5*d + 3*u - n = 0, -4*d - 14 = -5*u - 6. Is d/8 - (-29)/4 a prime number?
True
Is (-1220)/(-8)*24/20 composite?
True
Let o = -8 - -13. Suppose -4*b = o*g - 313, 3*g - 5 - 184 = -2*b. Suppose 4*s = -s + g. Is s a composite number?
False
Let z(i) = 8*i**2 + i - 2. Suppose -11 = 4*x - 4*m + 1, -15 = 5*x + 4*m. Is z(x) prime?
True
Let u(r) = 2*r**2 + 15*r - 20. Is u(27) prime?
False
Suppose -3*l = 2*b + 3, 5*l + 4*b - 1 + 8 = 0. Is (-8915)/(-20) + l/4 a prime number?
False
Suppose -7*y + 69 + 85 = 0. Is y a composite number?
True
Let g(x) = 120*x + 37. Is g(7) a prime number?
True
Suppose -3 + 4 = -c. Is c/(4 + (-68)/16) a prime number?
False
Suppose -1 - 5 = -2*z. Suppose -572 = -f - z*f. Is f prime?
False
Let y be 1/((-1 - -2)/63). Suppose 5*i + 4*f - y = 0, -2*i - 5*f = -f - 30. Is i composite?
False
Suppose -x - 560 = -5*x. Suppose 2*s - 6*s + x = 0. Let h = 72 - s. Is h prime?
True
Let g(v) = -73*v + 42. Is g(-7) composite?
True
Let b be 2/(-6) - (-96)/18. Suppose -b*j = 2*u - 327, 5*u + 4*j = 2*u + 487. Is u composite?
True
Let m(g) = g**2 - 4*g - 3. Let y be m(5). Suppose -y*x - 2*x = 272. Let r = x + 121. Is r prime?
True
Suppose -2*u - 173 = -3*u. Let m = u + -26. Suppose -109 = -5*h - 2*v, -m = -4*h + 5*v - 40. Is h composite?
False
Let x(k) = -k**3 - k + 1897. Let j be x(0). Is j/9 - 2/(-9) a composite number?
False
Let b be (-536)/(-5) - 3/15. Suppose 2*l + l + 123 = 3*a, -3*a + b = l. Is a a prime number?
True
Suppose 4*c - 2*c - 1304 = 0. Let x = 964 - c. Suppose 6*b - 4*l = 2*b + x, -3*l = -5*b + 392. Is b prime?
True
Let l be 12/8 - (-9)/(-2). Let n be l - -5 - 9/(-3). Suppose -239 = -n*b + 6. Is b composite?
True
Suppose 0 = -u - 2*u. Suppose u = 3*t + 4*w - 60, 0 = 4*t - 2*t + 3*w - 40. Let k = t + 1. Is k a prime number?
False
Suppose -2*r + 4444 = 54. Is r a prime number?
False
Let d = 24 - -11. Is d a prime number?
False
Suppose -5410 = -2*z - t, -8025 - 2811 = -4*z + 2*t. Is z a composite number?
False
Let m be ((-10)/(-4))/(1/86). Let v = m + -121. Is v a prime number?
False
Suppose -a = -5*a + 52. Suppose 0 = 2*f - 0*f - 3*i - 23, 0 = -f + 3*i + a. Is 91/3*(f + -7) a composite number?
True
Let z(f) = -3*f - 5. Suppose 4*w - 5 = -29. Is z(w) prime?
True
Suppose -4*m - v - 539 + 2188 = 0, 4*m - 1664 = 4*v. Is m a composite number?
True
Let p = -14